*q - 30 = y, -n + 19 = -0*q + 4*q. Is 2/n*2154/(-12) composite?
False
Suppose -14*l = 863 - 61581. Is l composite?
False
Suppose 4*b = 3*b + 4. Suppose -2*n = -5*q + n + 4928, 0 = 5*q - b*n - 4929. Is q a prime number?
False
Suppose 4*t + 0 = -2*k + 6, -4*t = -2*k - 34. Let x(l) = -2*l**3 - 14*l**2 - 4*l + 9*l**2 - 4*l - 16 + 2*l. Is x(k) a composite number?
False
Suppose -2*x = -4*x + 6. Let h(w) = -5*w + 18*w**x - 17*w**3 - 18 - 8*w**2 - 3*w + 0*w. Is h(11) a prime number?
True
Suppose 23*o - 7*o - 847120 = 0. Is o a prime number?
False
Let x(f) = 165*f - 11. Let w(s) = -329*s + 22. Let m(i) = 3*w(i) + 5*x(i). Is m(-15) a composite number?
False
Let n(q) = q**2 - q + 1. Let g be n(2). Suppose l = -y + 60, g - 2 = l. Is y prime?
True
Let o(p) = p**3 - p**2 + 24*p + 13. Is o(9) a composite number?
False
Let y = 16 + 126. Suppose 4*n - 866 = -y. Is n composite?
False
Suppose -l - 2*s + 10 = 0, -5*l - s = -32 - 0. Suppose b + 5*c = 30, -4*b = -9*b - 5*c + 210. Is 3/9*l + b composite?
False
Let v(q) = 2056*q**2 - 50*q - 9. Is v(4) prime?
True
Let w(v) = -3*v - 10. Let s be w(-5). Suppose l + 2 = s*j - 9, 2*l + 4 = 4*j. Suppose 0*n - 3*p - 2480 = -l*n, 3*n + 4*p = 1885. Is n a prime number?
False
Let i(u) be the third derivative of 509*u**5/60 + u**4/6 - u**3/3 - 13*u**2. Is i(1) composite?
True
Let n(w) = w**3 - 3*w**2 - 7*w - 1. Let s be n(5). Let p(y) = -3*y - 6*y - s*y - 5 + 1. Is p(-7) composite?
False
Suppose -3*q - 15 = 0, 5*z + 9 = -5*q - 6. Let b = -15 + 22. Is (b - 11)*(-23)/z a composite number?
True
Let d = -32 + 10. Is 1435/3 - d/33 a prime number?
True
Let o(t) = -1842*t + 128. Is o(-13) composite?
True
Let w = -3 - 17. Let c = -17 - w. Suppose 4*j - 3*j - 204 = -c*n, 2*j - 6 = 0. Is n a prime number?
True
Let p(l) = l**2 + 7*l + 10. Let a be p(-5). Suppose 16*s - 12*s - 6412 = a. Is s a composite number?
True
Let t(j) = -2198*j + 145. Is t(-8) composite?
False
Suppose -2*p + 882 = -5*s, 5*p + 768 + 142 = -5*s. Let z be (-4)/14 - 46/(-14). Is ((-36)/8)/z*s prime?
False
Let d be 3 + 0 + 224 + 0. Let f be 2/(2*(-1)/(-238)). Suppose 3*u = f + d. Is u composite?
True
Let r(o) = -36*o**3 + 4*o**2 + o - 2. Let a be r(2). Let g = a + 723. Is g composite?
True
Let l = -21 - -19. Is (4 - 3)*l*149/(-2) composite?
False
Let b(p) = -3*p - 9. Let y(t) = 3*t - 15. Let q(v) = v - 1. Let u(z) = 6*q(z) - y(z). Let f(k) = -4*b(k) - 5*u(k). Is f(-4) a composite number?
False
Let z = 1 + 2. Let y be -6*z/(-9) + 0. Is (-1729)/(-117) - y/(-9) composite?
True
Let r = 316 + 237. Let f = -318 + r. Is f prime?
False
Let v = -32 + 33. Suppose b - 4*f + 7 = 4*b, 2*f - v = -b. Suppose -1296 = -b*u - g, -2*g = g - 3. Is u prime?
False
Let u = 167 + -57. Is 2/6 + 8/24*u prime?
True
Suppose -5*n - 2*f - 28 = 0, -12 = -n + 4*f - 0. Is 4702*(10/n + 3) composite?
False
Suppose -3*x - 18 = -7*q + 4*q, -8 = 2*x - 3*q. Is (-14)/x - 1 - (-1304)/40 a prime number?
False
Let o(c) = -5*c - 14 - 9*c + 12*c. Let i be o(-8). Suppose f = i*f - 427. Is f prime?
False
Suppose 0 = -5*m + 4*f + 20022 + 35971, -6 = 3*f. Is m composite?
False
Let p(i) = 1807*i + 345. Is p(4) a composite number?
False
Let l = -10 - -18. Let m = l - 6. Suppose 3*w - 148 = -2*o + 146, -5*w = m*o - 302. Is o a prime number?
False
Suppose -2*m + 3*f = -16171, -f = -m + 5*m - 32321. Is m composite?
False
Suppose z - 3*n - 34 = 0, -2*n - 49 - 46 = -3*z. Is (-8)/6 + z*(-50)/(-6) a composite number?
False
Let g be (389/(-2))/((-4)/8). Suppose -5*h = -8056 - g. Is h prime?
False
Suppose -4*x = -4*y - 32, -4*y = -5*x + 13 + 26. Let w = x - 7. Is (3 - 5 - -79) + w prime?
False
Let w(g) = g - 8. Let r be w(11). Let k be 1/(-2) - (-5)/2. Suppose 128 = r*c - 0*u - 2*u, -k*c = -u - 87. Is c a composite number?
True
Let a be -2 + (-4)/2 + 5. Let y be (-19)/(-4) + a/4. Is 314 + y + (-1 - 1) composite?
False
Let v(h) = -h - 4. Let o be v(-6). Suppose -5*q + o = -8. Suppose q*j - 18 = 4. Is j composite?
False
Let k(u) = -2*u - 14. Let l be k(-8). Suppose -3*r + l*r = -3. Suppose -r*m = -v - 0*m + 70, -v - 5*m = -38. Is v composite?
True
Suppose -4*v - 212 = 4*n, 5*v + 3 + 2 = 0. Let c(q) = -10*q**2 - 13*q + 24. Let g be c(3). Let o = n - g. Is o a composite number?
False
Suppose -16*y + 6172766 = 42*y. Is y a composite number?
False
Suppose 52*t = 1178691 - 385535. Is t prime?
False
Suppose 0 = 4*i + i. Suppose -5*u + 457 = -4*y, i*y = 5*u + y - 442. Let a = 170 + u. Is a a prime number?
False
Let f = -30 - -32. Suppose 2*o - 4*g - 562 = 0, -948 = -4*o + f*g + 146. Is o prime?
True
Let y be -4 - 9*(-285 + 4). Suppose 16*j - y = 11*j. Is j composite?
True
Let s(w) = -w**2 + 27*w - 19. Suppose -4*k + 30 = -2*k. Is s(k) composite?
True
Let s = -16100 + 27505. Is s prime?
False
Is 21920934/630 - (4/30)/1 a composite number?
True
Suppose 13*p - 4532 = 14591. Is p prime?
True
Let z = -1 - -4. Let j = 417 + -149. Suppose z*s = -s + j. Is s prime?
True
Let s be (-8)/32 + 18/8. Suppose 0*r + s*r = 3*n - 875, 3*r = n - 280. Is n composite?
True
Let k = 56992 - 39239. Is k a composite number?
True
Let h be 107/((-4)/(2 + 2)). Let c = h - -262. Is c/(-2)*4/(-5) composite?
True
Let p be (-1 + 4)*(-2)/3 + -719. Let h = p + 1400. Is h composite?
True
Let r(w) = -w**3 + 6*w**2 - 2*w + 2. Suppose 0 = 2*s - 3*j - 17, 3*s + 2*j - 3 = -j. Let t = s - 0. Is r(t) a prime number?
False
Let q = 19 + -12. Let g = q - 11. Let r(l) = l**2 - 2*l - 5. Is r(g) composite?
False
Suppose 4*y - 4*k - 128 = 0, 0*k + 164 = 5*y - k. Is (-1)/(-3) + 36982/y composite?
True
Let c(k) = 9*k + 7. Suppose 1 - 9 = 2*s. Let h be 31/3 - s/6. Is c(h) a composite number?
True
Let u(m) = 164*m**2 + 12*m + 63. Is u(-10) a composite number?
True
Let l(i) = 8*i**2 + 17*i - 17. Let x be l(-9). Let p = x + 1957. Is p prime?
False
Let x = 14537 + -6716. Suppose -10*z + z + x = 0. Is z prime?
False
Is (512922/24)/(17/68) composite?
False
Let x(w) = -2190*w + 69. Is x(-3) prime?
False
Let g = 29 + -8. Let q = g + -13. Suppose -q*k + 3*k + 545 = 0. Is k composite?
False
Suppose -5*f - 3531 = -g, 5*f + 2*g = -2*g - 3526. Is (f/6)/((-7)/21) prime?
True
Suppose -3*s + 4*s = 3407. Suppose 2*q - s = 231. Is q prime?
False
Let s = 2115 - -2674. Is s composite?
False
Let p = 42431 + -19833. Is p composite?
True
Suppose 0 = 6*o - 4*o - 390. Suppose 0 = -2*m + 3*n - 140, 3*m + o = -4*n + n. Let a = 222 + m. Is a a composite number?
True
Let z = -13416 + 45405. Is z a composite number?
True
Is 6 + 3 - (-108460)/5 composite?
False
Let o be (6/(-10))/((-1)/(-5)). Let l(s) = -2280*s - 35. Is l(o) prime?
False
Let i be (1 - -2)/((-1)/57). Let a = i + 602. Is a a prime number?
True
Is 33191 + -8 + 64/8 composite?
False
Let f(u) = 5*u**2 - 11. Let h be f(6). Let b = 202 + h. Is b prime?
False
Suppose 32 = 8*s - 6*s. Let h(v) = -v**2 + 17*v - 15. Let m be h(s). Suppose g = -4*z + 311, m + 2 = g. Is z a composite number?
True
Suppose 0*k + 3*k - 9 = 0. Let r be -1*(-2355)/(k + 0). Suppose 3*t - r = -2*t. Is t a composite number?
False
Let o = 1238 - 739. Is o prime?
True
Suppose -3*q + 50 = -n, 35 + 15 = 5*q + 5*n. Suppose -3*l + q = -0*l. Suppose 2*s = -3*s + 4*z + 825, -l*s = 5*z - 780. Is s a prime number?
False
Suppose 0*j + 9*j = 26073. Is j a prime number?
True
Suppose 4*q + 22 = 4*n - 6, 0 = -3*q - 12. Let o be ((-100)/(-15))/5*n. Suppose 2716 = -0*t + o*t. Is t a composite number?
True
Let u = 152 - -100. Suppose -2*r + j = -844, u = 3*r - 2*j - 1014. Is r prime?
False
Let x(m) = -m**2 + 3*m - 790. Let b(k) = -k**2 + k - 395. Let p(z) = -5*b(z) + 2*x(z). Is p(0) a composite number?
True
Let r(c) = -11*c**3 - 18*c**2 + 15*c + 31. Is r(-8) composite?
False
Let r be 4/(12/(-651)) + -4. Let u = r + 528. Is u a prime number?
True
Let l = -604 - -863. Suppose k + l = -5*o + 5144, 2*o - 4*k = 1954. Is o a composite number?
False
Let d = 78089 - 45289. Suppose -4 = 5*n + 26. Is n/14 - d/(-28) a prime number?
True
Let q be 3 - (0 - -6 - 1). Let m = q + 4. Suppose 0 = 5*d + m*u - 253, -5*u + 80 = 2*d - 38. Is d a composite number?
True
Suppose 0 = 5*m + 3*j - 13, 4*j = 3*m + 11 - 42. Suppose -h + 1218 = m*h. Is h prime?
False
Let c = -85 - -91. Is -1 + (-3)/(-1) - (-14934)/c a prime number?
False
Suppose -3*v = 7*q - 9*q - 26071, 0 = 4*v - 3*q - 34762. Is v a composite number?
False
Suppose 55